{"id":15929,"date":"2022-09-28T18:55:25","date_gmt":"2022-09-28T16:55:25","guid":{"rendered":"https:\/\/rikliskarto.com\/shop\/carner-barcelona-tardes\/"},"modified":"2025-06-12T11:48:45","modified_gmt":"2025-06-12T09:48:45","slug":"carner-barcelona-tardes","status":"publish","type":"product","link":"https:\/\/rikliskarto.com\/de\/nischen-parfum\/carner-barcelona-de\/carner-barcelona-tardes\/","title":{"rendered":"Carner Barcelona &#8211; Tardes"},"content":{"rendered":"<p style=\"font-weight: 400;\">M\u00f6chten Sie die mediterrane Seele Barcelonas in Ihrem Leben sp\u00fcren?<\/p>\n<p style=\"font-weight: 400;\">Carner Barcelona f\u00e4ngt den lebendigen Geist Barcelonas in jeder Flasche Parf\u00fcm ein. Diese Parfums sind unverwechselbar, aufrichtig und charaktervoll.  D\u00fcfte mit eigener Identit\u00e4t, die in Barcelona von echten Handwerkern hergestellt werden.<\/p>\n<p style=\"font-weight: 400;\">Die elegante Glasflasche ist eine Ode an den zeitgen\u00f6ssischen Geist Barcelonas. Klare Linien und schwarz-wei\u00dfe Farben zeigen die Einfachheit und Leichtigkeit des Lebens an der Mittelmeerk\u00fcste. <\/p>\n<p style=\"font-weight: 400;\">Kaufen Sie jetzt Ihren authentischen Carner Barcelona Duft auf unserer Website!<\/p>\n","protected":false},"excerpt":{"rendered":"<p><span style=\"font-weight: 400;\">Tardes by Carner Barcelona hat den pulsierenden urbanen Lebensstil der gleichnamigen Stadt eingefangen und in einen unvergesslichen Duft verwandelt. Die w\u00fcrzige Kopfnote stimuliert mit exotischem schwarzem Pfeffer, heller Bergamotte und saftiger Grapefruit die Sinne, w\u00e4hrend k\u00f6stlicher Kardamom mit zarter Iris kombiniert mit bezauberndem Jasmin weiter in ein sinnliches Herz lockt. Der Drydown offenbart Virginia-Zedernholz f\u00fcr eine Intensit\u00e4t, die perfekt von cremiger Vanille und rauchigem Vetiver unterstrichen wird &#8211; eine einzigartige Mischung, die einen lebendigen und geheimnisvollen Duft wie kein anderer erzeugt!  <\/span><\/p>\n<p><span style=\"font-weight: 400;\">Kaufen Sie jetzt Carner Barcelona Tardes bei Riklis Karto!<\/span><\/p>\n","protected":false},"featured_media":7040,"comment_status":"open","ping_status":"closed","template":"","meta":{"_acf_changed":false},"product_brand":[],"product_cat":[862,1675],"product_tag":[],"class_list":{"0":"post-15929","1":"product","2":"type-product","3":"status-publish","4":"has-post-thumbnail","6":"product_cat-nischen-parfum","7":"product_cat-carner-barcelona-de","8":"brand-carner-barcelona-de","10":"first","11":"instock","12":"purchasable","13":"product-type-variable","14":"has-default-attributes"},"acf":[],"yoast_head":"<!-- This site is optimized with the Yoast SEO plugin v25.9 - https:\/\/yoast.com\/wordpress\/plugins\/seo\/ -->\n<title>Carner Barcelona - Tardes - Riklis Karto<\/title>\n<meta name=\"robots\" content=\"index, follow, max-snippet:-1, max-image-preview:large, max-video-preview:-1\" \/>\n<link rel=\"canonical\" href=\"https:\/\/rikliskarto.com\/de\/nischen-parfum\/carner-barcelona-de\/carner-barcelona-tardes\/\" \/>\n<meta property=\"og:locale\" content=\"de_DE\" \/>\n<meta property=\"og:type\" content=\"article\" \/>\n<meta property=\"og:title\" content=\"Carner Barcelona - Tardes - Riklis Karto\" \/>\n<meta property=\"og:description\" content=\"Tardes by Carner Barcelona hat den pulsierenden urbanen Lebensstil der gleichnamigen Stadt eingefangen und in einen unvergesslichen Duft verwandelt. Die w\u00fcrzige Kopfnote stimuliert mit exotischem schwarzem Pfeffer, heller Bergamotte und saftiger Grapefruit die Sinne, w\u00e4hrend k\u00f6stlicher Kardamom mit zarter Iris kombiniert mit bezauberndem Jasmin weiter in ein sinnliches Herz lockt. Der Drydown offenbart Virginia-Zedernholz f\u00fcr eine Intensit\u00e4t, die perfekt von cremiger Vanille und rauchigem Vetiver unterstrichen wird - eine einzigartige Mischung, die einen lebendigen und geheimnisvollen Duft wie kein anderer erzeugt!  Kaufen Sie jetzt Carner Barcelona Tardes bei Riklis Karto!\" \/>\n<meta property=\"og:url\" content=\"https:\/\/rikliskarto.com\/de\/nischen-parfum\/carner-barcelona-de\/carner-barcelona-tardes\/\" \/>\n<meta property=\"og:site_name\" content=\"Riklis Karto\" \/>\n<meta property=\"article:modified_time\" content=\"2025-06-12T09:48:45+00:00\" \/>\n<meta property=\"og:image\" content=\"https:\/\/rikliskarto.com\/wp-content\/uploads\/2024\/10\/tardes.png\" \/>\n\t<meta property=\"og:image:width\" content=\"1000\" \/>\n\t<meta property=\"og:image:height\" content=\"1000\" \/>\n\t<meta property=\"og:image:type\" content=\"image\/png\" \/>\n<meta name=\"twitter:card\" content=\"summary_large_image\" \/>\n<script type=\"application\/ld+json\" class=\"yoast-schema-graph\">{\"@context\":\"https:\/\/schema.org\",\"@graph\":[{\"@type\":\"WebPage\",\"@id\":\"https:\/\/rikliskarto.com\/de\/nischen-parfum\/carner-barcelona-de\/carner-barcelona-tardes\/\",\"url\":\"https:\/\/rikliskarto.com\/de\/nischen-parfum\/carner-barcelona-de\/carner-barcelona-tardes\/\",\"name\":\"Carner Barcelona - Tardes - Riklis Karto\",\"isPartOf\":{\"@id\":\"https:\/\/rikliskarto.com\/de\/#website\"},\"primaryImageOfPage\":{\"@id\":\"https:\/\/rikliskarto.com\/de\/nischen-parfum\/carner-barcelona-de\/carner-barcelona-tardes\/#primaryimage\"},\"image\":{\"@id\":\"https:\/\/rikliskarto.com\/de\/nischen-parfum\/carner-barcelona-de\/carner-barcelona-tardes\/#primaryimage\"},\"thumbnailUrl\":\"https:\/\/rikliskarto.com\/wp-content\/uploads\/2024\/10\/tardes.png\",\"datePublished\":\"2022-09-28T16:55:25+00:00\",\"dateModified\":\"2025-06-12T09:48:45+00:00\",\"breadcrumb\":{\"@id\":\"https:\/\/rikliskarto.com\/de\/nischen-parfum\/carner-barcelona-de\/carner-barcelona-tardes\/#breadcrumb\"},\"inLanguage\":\"de\",\"potentialAction\":[{\"@type\":\"ReadAction\",\"target\":[\"https:\/\/rikliskarto.com\/de\/nischen-parfum\/carner-barcelona-de\/carner-barcelona-tardes\/\"]}]},{\"@type\":\"ImageObject\",\"inLanguage\":\"de\",\"@id\":\"https:\/\/rikliskarto.com\/de\/nischen-parfum\/carner-barcelona-de\/carner-barcelona-tardes\/#primaryimage\",\"url\":\"https:\/\/rikliskarto.com\/wp-content\/uploads\/2024\/10\/tardes.png\",\"contentUrl\":\"https:\/\/rikliskarto.com\/wp-content\/uploads\/2024\/10\/tardes.png\",\"width\":1000,\"height\":1000},{\"@type\":\"BreadcrumbList\",\"@id\":\"https:\/\/rikliskarto.com\/de\/nischen-parfum\/carner-barcelona-de\/carner-barcelona-tardes\/#breadcrumb\",\"itemListElement\":[{\"@type\":\"ListItem\",\"position\":1,\"name\":\"Home\",\"item\":\"https:\/\/rikliskarto.com\/de\/heim\/\"},{\"@type\":\"ListItem\",\"position\":2,\"name\":\"Priv\u00e9: Laden\",\"item\":\"https:\/\/rikliskarto.com\/de\/shop\/\"},{\"@type\":\"ListItem\",\"position\":3,\"name\":\"Carner Barcelona &#8211; Tardes\"}]},{\"@type\":\"WebSite\",\"@id\":\"https:\/\/rikliskarto.com\/de\/#website\",\"url\":\"https:\/\/rikliskarto.com\/de\/\",\"name\":\"Riklis Karto\",\"description\":\"Ontdek de beste Niche Parfum &amp; Geurkaarsen.\",\"potentialAction\":[{\"@type\":\"SearchAction\",\"target\":{\"@type\":\"EntryPoint\",\"urlTemplate\":\"https:\/\/rikliskarto.com\/de\/?s={search_term_string}\"},\"query-input\":{\"@type\":\"PropertyValueSpecification\",\"valueRequired\":true,\"valueName\":\"search_term_string\"}}],\"inLanguage\":\"de\"}]}<\/script>\n<!-- \/ Yoast SEO plugin. -->","yoast_head_json":{"title":"Carner Barcelona - Tardes - Riklis Karto","robots":{"index":"index","follow":"follow","max-snippet":"max-snippet:-1","max-image-preview":"max-image-preview:large","max-video-preview":"max-video-preview:-1"},"canonical":"https:\/\/rikliskarto.com\/de\/nischen-parfum\/carner-barcelona-de\/carner-barcelona-tardes\/","og_locale":"de_DE","og_type":"article","og_title":"Carner Barcelona - Tardes - Riklis Karto","og_description":"Tardes by Carner Barcelona hat den pulsierenden urbanen Lebensstil der gleichnamigen Stadt eingefangen und in einen unvergesslichen Duft verwandelt. Die w\u00fcrzige Kopfnote stimuliert mit exotischem schwarzem Pfeffer, heller Bergamotte und saftiger Grapefruit die Sinne, w\u00e4hrend k\u00f6stlicher Kardamom mit zarter Iris kombiniert mit bezauberndem Jasmin weiter in ein sinnliches Herz lockt. Der Drydown offenbart Virginia-Zedernholz f\u00fcr eine Intensit\u00e4t, die perfekt von cremiger Vanille und rauchigem Vetiver unterstrichen wird - eine einzigartige Mischung, die einen lebendigen und geheimnisvollen Duft wie kein anderer erzeugt!  Kaufen Sie jetzt Carner Barcelona Tardes bei Riklis Karto!","og_url":"https:\/\/rikliskarto.com\/de\/nischen-parfum\/carner-barcelona-de\/carner-barcelona-tardes\/","og_site_name":"Riklis Karto","article_modified_time":"2025-06-12T09:48:45+00:00","og_image":[{"width":1000,"height":1000,"url":"https:\/\/rikliskarto.com\/wp-content\/uploads\/2024\/10\/tardes.png","type":"image\/png"}],"twitter_card":"summary_large_image","schema":{"@context":"https:\/\/schema.org","@graph":[{"@type":"WebPage","@id":"https:\/\/rikliskarto.com\/de\/nischen-parfum\/carner-barcelona-de\/carner-barcelona-tardes\/","url":"https:\/\/rikliskarto.com\/de\/nischen-parfum\/carner-barcelona-de\/carner-barcelona-tardes\/","name":"Carner Barcelona - Tardes - Riklis Karto","isPartOf":{"@id":"https:\/\/rikliskarto.com\/de\/#website"},"primaryImageOfPage":{"@id":"https:\/\/rikliskarto.com\/de\/nischen-parfum\/carner-barcelona-de\/carner-barcelona-tardes\/#primaryimage"},"image":{"@id":"https:\/\/rikliskarto.com\/de\/nischen-parfum\/carner-barcelona-de\/carner-barcelona-tardes\/#primaryimage"},"thumbnailUrl":"https:\/\/rikliskarto.com\/wp-content\/uploads\/2024\/10\/tardes.png","datePublished":"2022-09-28T16:55:25+00:00","dateModified":"2025-06-12T09:48:45+00:00","breadcrumb":{"@id":"https:\/\/rikliskarto.com\/de\/nischen-parfum\/carner-barcelona-de\/carner-barcelona-tardes\/#breadcrumb"},"inLanguage":"de","potentialAction":[{"@type":"ReadAction","target":["https:\/\/rikliskarto.com\/de\/nischen-parfum\/carner-barcelona-de\/carner-barcelona-tardes\/"]}]},{"@type":"ImageObject","inLanguage":"de","@id":"https:\/\/rikliskarto.com\/de\/nischen-parfum\/carner-barcelona-de\/carner-barcelona-tardes\/#primaryimage","url":"https:\/\/rikliskarto.com\/wp-content\/uploads\/2024\/10\/tardes.png","contentUrl":"https:\/\/rikliskarto.com\/wp-content\/uploads\/2024\/10\/tardes.png","width":1000,"height":1000},{"@type":"BreadcrumbList","@id":"https:\/\/rikliskarto.com\/de\/nischen-parfum\/carner-barcelona-de\/carner-barcelona-tardes\/#breadcrumb","itemListElement":[{"@type":"ListItem","position":1,"name":"Home","item":"https:\/\/rikliskarto.com\/de\/heim\/"},{"@type":"ListItem","position":2,"name":"Priv\u00e9: Laden","item":"https:\/\/rikliskarto.com\/de\/shop\/"},{"@type":"ListItem","position":3,"name":"Carner Barcelona &#8211; Tardes"}]},{"@type":"WebSite","@id":"https:\/\/rikliskarto.com\/de\/#website","url":"https:\/\/rikliskarto.com\/de\/","name":"Riklis Karto","description":"Ontdek de beste Niche Parfum &amp; Geurkaarsen.","potentialAction":[{"@type":"SearchAction","target":{"@type":"EntryPoint","urlTemplate":"https:\/\/rikliskarto.com\/de\/?s={search_term_string}"},"query-input":{"@type":"PropertyValueSpecification","valueRequired":true,"valueName":"search_term_string"}}],"inLanguage":"de"}]}},"_links":{"self":[{"href":"https:\/\/rikliskarto.com\/de\/wp-json\/wp\/v2\/product\/15929","targetHints":{"allow":["GET"]}}],"collection":[{"href":"https:\/\/rikliskarto.com\/de\/wp-json\/wp\/v2\/product"}],"about":[{"href":"https:\/\/rikliskarto.com\/de\/wp-json\/wp\/v2\/types\/product"}],"replies":[{"embeddable":true,"href":"https:\/\/rikliskarto.com\/de\/wp-json\/wp\/v2\/comments?post=15929"}],"wp:featuredmedia":[{"embeddable":true,"href":"https:\/\/rikliskarto.com\/de\/wp-json\/wp\/v2\/media\/7040"}],"wp:attachment":[{"href":"https:\/\/rikliskarto.com\/de\/wp-json\/wp\/v2\/media?parent=15929"}],"wp:term":[{"taxonomy":"product_brand","embeddable":true,"href":"https:\/\/rikliskarto.com\/de\/wp-json\/wp\/v2\/product_brand?post=15929"},{"taxonomy":"product_cat","embeddable":true,"href":"https:\/\/rikliskarto.com\/de\/wp-json\/wp\/v2\/product_cat?post=15929"},{"taxonomy":"product_tag","embeddable":true,"href":"https:\/\/rikliskarto.com\/de\/wp-json\/wp\/v2\/product_tag?post=15929"}],"curies":[{"name":"wp","href":"https:\/\/api.w.org\/{rel}","templated":true}]}}

<p style="font-weight: 400;">Möchten Sie die mediterrane Seele Barcelonas in Ihrem Leben spüren?</p>
<p style="font-weight: 400;">Carner Barcelona fängt den lebendigen Geist Barcelonas in jeder Flasche Parfüm ein. Diese Parfums sind unverwechselbar, aufrichtig und charaktervoll.  Düfte mit eigener Identität, die in Barcelona von echten Handwerkern hergestellt werden.</p>
<p style="font-weight: 400;">Die elegante Glasflasche ist eine Ode an den zeitgenössischen Geist Barcelonas. Klare Linien und schwarz-weiße Farben zeigen die Einfachheit und Leichtigkeit des Lebens an der Mittelmeerküste. </p>
<p style="font-weight: 400;">Kaufen Sie jetzt Ihren authentischen Carner Barcelona Duft auf unserer Website!</p>

<p><span style="font-weight: 400;">Tardes by Carner Barcelona hat den pulsierenden urbanen Lebensstil der gleichnamigen Stadt eingefangen und in einen unvergesslichen Duft verwandelt. Die würzige Kopfnote stimuliert mit exotischem schwarzem Pfeffer, heller Bergamotte und saftiger Grapefruit die Sinne, während köstlicher Kardamom mit zarter Iris kombiniert mit bezauberndem Jasmin weiter in ein sinnliches Herz lockt. Der Drydown offenbart Virginia-Zedernholz für eine Intensität, die perfekt von cremiger Vanille und rauchigem Vetiver unterstrichen wird &#8211; eine einzigartige Mischung, die einen lebendigen und geheimnisvollen Duft wie kein anderer erzeugt!  </span></p>
<p><span style="font-weight: 400;">Kaufen Sie jetzt Carner Barcelona Tardes bei Riklis Karto!</span></p>

<!-- This site is optimized with the Yoast SEO plugin v25.9 - https://yoast.com/wordpress/plugins/seo/ -->
<title>Carner Barcelona - Tardes - Riklis Karto</title>
<meta name="robots" content="index, follow, max-snippet:-1, max-image-preview:large, max-video-preview:-1" />
<link rel="canonical" href="https://rikliskarto.com/de/nischen-parfum/carner-barcelona-de/carner-barcelona-tardes/" />
<meta property="og:locale" content="de_DE" />
<meta property="og:type" content="article" />
<meta property="og:title" content="Carner Barcelona - Tardes - Riklis Karto" />
<meta property="og:description" content="Tardes by Carner Barcelona hat den pulsierenden urbanen Lebensstil der gleichnamigen Stadt eingefangen und in einen unvergesslichen Duft verwandelt. Die würzige Kopfnote stimuliert mit exotischem schwarzem Pfeffer, heller Bergamotte und saftiger Grapefruit die Sinne, während köstlicher Kardamom mit zarter Iris kombiniert mit bezauberndem Jasmin weiter in ein sinnliches Herz lockt. Der Drydown offenbart Virginia-Zedernholz für eine Intensität, die perfekt von cremiger Vanille und rauchigem Vetiver unterstrichen wird - eine einzigartige Mischung, die einen lebendigen und geheimnisvollen Duft wie kein anderer erzeugt!  Kaufen Sie jetzt Carner Barcelona Tardes bei Riklis Karto!" />
<meta property="og:url" content="https://rikliskarto.com/de/nischen-parfum/carner-barcelona-de/carner-barcelona-tardes/" />
<meta property="og:site_name" content="Riklis Karto" />
<meta property="article:modified_time" content="2025-06-12T09:48:45+00:00" />
<meta property="og:image" content="https://rikliskarto.com/wp-content/uploads/2024/10/tardes.png" />
	<meta property="og:image:width" content="1000" />
	<meta property="og:image:height" content="1000" />
	<meta property="og:image:type" content="image/png" />
<meta name="twitter:card" content="summary_large_image" />
<script type="application/ld+json" class="yoast-schema-graph">{"@context":"https://schema.org","@graph":[{"@type":"WebPage","@id":"https://rikliskarto.com/de/nischen-parfum/carner-barcelona-de/carner-barcelona-tardes/","url":"https://rikliskarto.com/de/nischen-parfum/carner-barcelona-de/carner-barcelona-tardes/","name":"Carner Barcelona - Tardes - Riklis Karto","isPartOf":{"@id":"https://rikliskarto.com/de/#website"},"primaryImageOfPage":{"@id":"https://rikliskarto.com/de/nischen-parfum/carner-barcelona-de/carner-barcelona-tardes/#primaryimage"},"image":{"@id":"https://rikliskarto.com/de/nischen-parfum/carner-barcelona-de/carner-barcelona-tardes/#primaryimage"},"thumbnailUrl":"https://rikliskarto.com/wp-content/uploads/2024/10/tardes.png","datePublished":"2022-09-28T16:55:25+00:00","dateModified":"2025-06-12T09:48:45+00:00","breadcrumb":{"@id":"https://rikliskarto.com/de/nischen-parfum/carner-barcelona-de/carner-barcelona-tardes/#breadcrumb"},"inLanguage":"de","potentialAction":[{"@type":"ReadAction","target":["https://rikliskarto.com/de/nischen-parfum/carner-barcelona-de/carner-barcelona-tardes/"]}]},{"@type":"ImageObject","inLanguage":"de","@id":"https://rikliskarto.com/de/nischen-parfum/carner-barcelona-de/carner-barcelona-tardes/#primaryimage","url":"https://rikliskarto.com/wp-content/uploads/2024/10/tardes.png","contentUrl":"https://rikliskarto.com/wp-content/uploads/2024/10/tardes.png","width":1000,"height":1000},{"@type":"BreadcrumbList","@id":"https://rikliskarto.com/de/nischen-parfum/carner-barcelona-de/carner-barcelona-tardes/#breadcrumb","itemListElement":[{"@type":"ListItem","position":1,"name":"Home","item":"https://rikliskarto.com/de/heim/"},{"@type":"ListItem","position":2,"name":"Privé: Laden","item":"https://rikliskarto.com/de/shop/"},{"@type":"ListItem","position":3,"name":"Carner Barcelona &#8211; Tardes"}]},{"@type":"WebSite","@id":"https://rikliskarto.com/de/#website","url":"https://rikliskarto.com/de/","name":"Riklis Karto","description":"Ontdek de beste Niche Parfum &amp; Geurkaarsen.","potentialAction":[{"@type":"SearchAction","target":{"@type":"EntryPoint","urlTemplate":"https://rikliskarto.com/de/?s={search_term_string}"},"query-input":{"@type":"PropertyValueSpecification","valueRequired":true,"valueName":"search_term_string"}}],"inLanguage":"de"}]}</script>
<!-- / Yoast SEO plugin. -->

Tardes by Carner Barcelona hat den pulsierenden urbanen Lebensstil der gleichnamigen Stadt eingefangen und in einen unvergesslichen Duft verwandelt. Die würzige Kopfnote stimuliert mit exotischem schwarzem Pfeffer, heller Bergamotte und saftiger Grapefruit die Sinne, während köstlicher Kardamom mit zarter Iris kombiniert mit bezauberndem Jasmin weiter in ein sinnliches Herz lockt. Der Drydown offenbart Virginia-Zedernholz für eine Intensität, die perfekt von cremiger Vanille und rauchigem Vetiver unterstrichen wird - eine einzigartige Mischung, die einen lebendigen und geheimnisvollen Duft wie kein anderer erzeugt!  Kaufen Sie jetzt Carner Barcelona Tardes bei Riklis Karto!

Privé: Laden
