{"id":15515,"date":"2022-09-28T20:55:10","date_gmt":"2022-09-28T18:55:10","guid":{"rendered":"https:\/\/rikliskarto.com\/shop\/mancera-schwarze-vanille\/"},"modified":"2025-06-12T11:50:07","modified_gmt":"2025-06-12T09:50:07","slug":"mancera-schwarze-vanille","status":"publish","type":"product","link":"https:\/\/rikliskarto.com\/de\/nischen-parfum\/mancera-parfum-de\/mancera-schwarze-vanille\/","title":{"rendered":"Mancera &#8211; Schwarze Vanille"},"content":{"rendered":"<p style=\"font-weight: 400;\">Auf der Suche nach einem luxuri\u00f6sen Duft, mit dem Sie sich einzigartig f\u00fchlen?<\/p>\n<p style=\"font-weight: 400;\">Mancera bietet Parfums mit westlichen und \u00f6stlichen Aromen an, die ausschlie\u00dflich aus den hochwertigsten Inhaltsstoffen hergestellt werden. Dar\u00fcber hinaus wird die schwere Kristallglasflasche vom italienischen Hersteller Luigi Bormioli ma\u00dfgefertigt, dessen Stil und Kunstwerk bis in die Renaissance zur\u00fcckreichen. <\/p>\n<p style=\"font-weight: 400;\">Du verdienst es, dich einzigartig und besonders zu f\u00fchlen. Deshalb bieten wir luxuri\u00f6se D\u00fcfte an, die Ihnen helfen, sich von der Masse abzuheben. Mit Mancera f\u00fchlen Sie sich immer selbstbewusst und fabelhaft.  <\/p>\n<p style=\"font-weight: 400;\">Kaufen Sie noch heute einen Mancera-Duft auf unserer Website!<\/p>\n","protected":false},"excerpt":{"rendered":"<p><span style=\"font-weight: 400;\">G\u00f6nnen Sie sich eine neue Ebene der Sinnlichkeit &#8211; ein olfaktorisches Erlebnis, das seinesgleichen sucht. Schwarz, tief und intensiv mit Madagaskar-Vanille als sonnenverw\u00f6hntem Kern, ist dieser holzige, blumige Duft g\u00f6ttlich s\u00fcchtig machend und absolut fesselnd &#8211; Bergamotte und schwarze Johannisbeere erg\u00e4nzen zarte bulgarische Rose und Veilchen, w\u00e4hrend scharfe Noten von wei\u00dfem Pfirsich, verst\u00e4rkt durch warme Moschus-Untert\u00f6ne, versprechen, Ihre Sinne zu verzaubern! <\/span><\/p>\n<p><span style=\"font-weight: 400;\">Jetzt Mancera Black Vanilla bei Riklis Karto shoppen!<\/span><\/p>\n","protected":false},"featured_media":17089,"comment_status":"open","ping_status":"closed","template":"","meta":{"_acf_changed":false},"product_brand":[],"product_cat":[862,1685],"product_tag":[],"class_list":{"0":"post-15515","1":"product","2":"type-product","3":"status-publish","4":"has-post-thumbnail","6":"product_cat-nischen-parfum","7":"product_cat-mancera-parfum-de","8":"brand-mancera-parfum-de","10":"first","11":"instock","12":"purchasable","13":"product-type-variable","14":"has-default-attributes"},"acf":[],"yoast_head":"<!-- This site is optimized with the Yoast SEO plugin v25.9 - https:\/\/yoast.com\/wordpress\/plugins\/seo\/ -->\n<title>Mancera - Schwarze Vanille - Riklis Karto<\/title>\n<meta name=\"robots\" content=\"index, follow, max-snippet:-1, max-image-preview:large, max-video-preview:-1\" \/>\n<link rel=\"canonical\" href=\"https:\/\/rikliskarto.com\/de\/nischen-parfum\/mancera-parfum-de\/mancera-schwarze-vanille\/\" \/>\n<meta property=\"og:locale\" content=\"de_DE\" \/>\n<meta property=\"og:type\" content=\"article\" \/>\n<meta property=\"og:title\" content=\"Mancera - Schwarze Vanille - Riklis Karto\" \/>\n<meta property=\"og:description\" content=\"G\u00f6nnen Sie sich eine neue Ebene der Sinnlichkeit - ein olfaktorisches Erlebnis, das seinesgleichen sucht. Schwarz, tief und intensiv mit Madagaskar-Vanille als sonnenverw\u00f6hntem Kern, ist dieser holzige, blumige Duft g\u00f6ttlich s\u00fcchtig machend und absolut fesselnd - Bergamotte und schwarze Johannisbeere erg\u00e4nzen zarte bulgarische Rose und Veilchen, w\u00e4hrend scharfe Noten von wei\u00dfem Pfirsich, verst\u00e4rkt durch warme Moschus-Untert\u00f6ne, versprechen, Ihre Sinne zu verzaubern!  Jetzt Mancera Black Vanilla bei Riklis Karto shoppen!\" \/>\n<meta property=\"og:url\" content=\"https:\/\/rikliskarto.com\/de\/nischen-parfum\/mancera-parfum-de\/mancera-schwarze-vanille\/\" \/>\n<meta property=\"og:site_name\" content=\"Riklis Karto\" \/>\n<meta property=\"article:modified_time\" content=\"2025-06-12T09:50:07+00:00\" \/>\n<meta property=\"og:image\" content=\"https:\/\/rikliskarto.com\/wp-content\/uploads\/2024\/11\/Mancera-black-vanilla-120.png\" \/>\n\t<meta property=\"og:image:width\" content=\"1000\" \/>\n\t<meta property=\"og:image:height\" content=\"1000\" \/>\n\t<meta property=\"og:image:type\" content=\"image\/webp\" \/>\n<meta name=\"twitter:card\" content=\"summary_large_image\" \/>\n<meta name=\"twitter:label1\" content=\"Gesch\u00e4tzte Lesezeit\" \/>\n\t<meta name=\"twitter:data1\" content=\"1\u00a0Minute\" \/>\n<script type=\"application\/ld+json\" class=\"yoast-schema-graph\">{\"@context\":\"https:\/\/schema.org\",\"@graph\":[{\"@type\":\"WebPage\",\"@id\":\"https:\/\/rikliskarto.com\/de\/nischen-parfum\/mancera-parfum-de\/mancera-schwarze-vanille\/\",\"url\":\"https:\/\/rikliskarto.com\/de\/nischen-parfum\/mancera-parfum-de\/mancera-schwarze-vanille\/\",\"name\":\"Mancera - Schwarze Vanille - Riklis Karto\",\"isPartOf\":{\"@id\":\"https:\/\/rikliskarto.com\/de\/#website\"},\"primaryImageOfPage\":{\"@id\":\"https:\/\/rikliskarto.com\/de\/nischen-parfum\/mancera-parfum-de\/mancera-schwarze-vanille\/#primaryimage\"},\"image\":{\"@id\":\"https:\/\/rikliskarto.com\/de\/nischen-parfum\/mancera-parfum-de\/mancera-schwarze-vanille\/#primaryimage\"},\"thumbnailUrl\":\"https:\/\/rikliskarto.com\/wp-content\/uploads\/2024\/11\/Mancera-black-vanilla-120.png\",\"datePublished\":\"2022-09-28T18:55:10+00:00\",\"dateModified\":\"2025-06-12T09:50:07+00:00\",\"breadcrumb\":{\"@id\":\"https:\/\/rikliskarto.com\/de\/nischen-parfum\/mancera-parfum-de\/mancera-schwarze-vanille\/#breadcrumb\"},\"inLanguage\":\"de\",\"potentialAction\":[{\"@type\":\"ReadAction\",\"target\":[\"https:\/\/rikliskarto.com\/de\/nischen-parfum\/mancera-parfum-de\/mancera-schwarze-vanille\/\"]}]},{\"@type\":\"ImageObject\",\"inLanguage\":\"de\",\"@id\":\"https:\/\/rikliskarto.com\/de\/nischen-parfum\/mancera-parfum-de\/mancera-schwarze-vanille\/#primaryimage\",\"url\":\"https:\/\/rikliskarto.com\/wp-content\/uploads\/2024\/11\/Mancera-black-vanilla-120.png\",\"contentUrl\":\"https:\/\/rikliskarto.com\/wp-content\/uploads\/2024\/11\/Mancera-black-vanilla-120.png\",\"width\":1000,\"height\":1000},{\"@type\":\"BreadcrumbList\",\"@id\":\"https:\/\/rikliskarto.com\/de\/nischen-parfum\/mancera-parfum-de\/mancera-schwarze-vanille\/#breadcrumb\",\"itemListElement\":[{\"@type\":\"ListItem\",\"position\":1,\"name\":\"Home\",\"item\":\"https:\/\/rikliskarto.com\/de\/heim\/\"},{\"@type\":\"ListItem\",\"position\":2,\"name\":\"Priv\u00e9: Laden\",\"item\":\"https:\/\/rikliskarto.com\/de\/shop\/\"},{\"@type\":\"ListItem\",\"position\":3,\"name\":\"Mancera &#8211; Schwarze Vanille\"}]},{\"@type\":\"WebSite\",\"@id\":\"https:\/\/rikliskarto.com\/de\/#website\",\"url\":\"https:\/\/rikliskarto.com\/de\/\",\"name\":\"Riklis Karto\",\"description\":\"Ontdek de beste Niche Parfum &amp; Geurkaarsen.\",\"potentialAction\":[{\"@type\":\"SearchAction\",\"target\":{\"@type\":\"EntryPoint\",\"urlTemplate\":\"https:\/\/rikliskarto.com\/de\/?s={search_term_string}\"},\"query-input\":{\"@type\":\"PropertyValueSpecification\",\"valueRequired\":true,\"valueName\":\"search_term_string\"}}],\"inLanguage\":\"de\"}]}<\/script>\n<!-- \/ Yoast SEO plugin. -->","yoast_head_json":{"title":"Mancera - Schwarze Vanille - Riklis Karto","robots":{"index":"index","follow":"follow","max-snippet":"max-snippet:-1","max-image-preview":"max-image-preview:large","max-video-preview":"max-video-preview:-1"},"canonical":"https:\/\/rikliskarto.com\/de\/nischen-parfum\/mancera-parfum-de\/mancera-schwarze-vanille\/","og_locale":"de_DE","og_type":"article","og_title":"Mancera - Schwarze Vanille - Riklis Karto","og_description":"G\u00f6nnen Sie sich eine neue Ebene der Sinnlichkeit - ein olfaktorisches Erlebnis, das seinesgleichen sucht. Schwarz, tief und intensiv mit Madagaskar-Vanille als sonnenverw\u00f6hntem Kern, ist dieser holzige, blumige Duft g\u00f6ttlich s\u00fcchtig machend und absolut fesselnd - Bergamotte und schwarze Johannisbeere erg\u00e4nzen zarte bulgarische Rose und Veilchen, w\u00e4hrend scharfe Noten von wei\u00dfem Pfirsich, verst\u00e4rkt durch warme Moschus-Untert\u00f6ne, versprechen, Ihre Sinne zu verzaubern!  Jetzt Mancera Black Vanilla bei Riklis Karto shoppen!","og_url":"https:\/\/rikliskarto.com\/de\/nischen-parfum\/mancera-parfum-de\/mancera-schwarze-vanille\/","og_site_name":"Riklis Karto","article_modified_time":"2025-06-12T09:50:07+00:00","og_image":[{"width":1000,"height":1000,"url":"https:\/\/rikliskarto.com\/wp-content\/uploads\/2024\/11\/Mancera-black-vanilla-120.png","type":"image\/webp"}],"twitter_card":"summary_large_image","twitter_misc":{"Gesch\u00e4tzte Lesezeit":"1\u00a0Minute"},"schema":{"@context":"https:\/\/schema.org","@graph":[{"@type":"WebPage","@id":"https:\/\/rikliskarto.com\/de\/nischen-parfum\/mancera-parfum-de\/mancera-schwarze-vanille\/","url":"https:\/\/rikliskarto.com\/de\/nischen-parfum\/mancera-parfum-de\/mancera-schwarze-vanille\/","name":"Mancera - Schwarze Vanille - Riklis Karto","isPartOf":{"@id":"https:\/\/rikliskarto.com\/de\/#website"},"primaryImageOfPage":{"@id":"https:\/\/rikliskarto.com\/de\/nischen-parfum\/mancera-parfum-de\/mancera-schwarze-vanille\/#primaryimage"},"image":{"@id":"https:\/\/rikliskarto.com\/de\/nischen-parfum\/mancera-parfum-de\/mancera-schwarze-vanille\/#primaryimage"},"thumbnailUrl":"https:\/\/rikliskarto.com\/wp-content\/uploads\/2024\/11\/Mancera-black-vanilla-120.png","datePublished":"2022-09-28T18:55:10+00:00","dateModified":"2025-06-12T09:50:07+00:00","breadcrumb":{"@id":"https:\/\/rikliskarto.com\/de\/nischen-parfum\/mancera-parfum-de\/mancera-schwarze-vanille\/#breadcrumb"},"inLanguage":"de","potentialAction":[{"@type":"ReadAction","target":["https:\/\/rikliskarto.com\/de\/nischen-parfum\/mancera-parfum-de\/mancera-schwarze-vanille\/"]}]},{"@type":"ImageObject","inLanguage":"de","@id":"https:\/\/rikliskarto.com\/de\/nischen-parfum\/mancera-parfum-de\/mancera-schwarze-vanille\/#primaryimage","url":"https:\/\/rikliskarto.com\/wp-content\/uploads\/2024\/11\/Mancera-black-vanilla-120.png","contentUrl":"https:\/\/rikliskarto.com\/wp-content\/uploads\/2024\/11\/Mancera-black-vanilla-120.png","width":1000,"height":1000},{"@type":"BreadcrumbList","@id":"https:\/\/rikliskarto.com\/de\/nischen-parfum\/mancera-parfum-de\/mancera-schwarze-vanille\/#breadcrumb","itemListElement":[{"@type":"ListItem","position":1,"name":"Home","item":"https:\/\/rikliskarto.com\/de\/heim\/"},{"@type":"ListItem","position":2,"name":"Priv\u00e9: Laden","item":"https:\/\/rikliskarto.com\/de\/shop\/"},{"@type":"ListItem","position":3,"name":"Mancera &#8211; Schwarze Vanille"}]},{"@type":"WebSite","@id":"https:\/\/rikliskarto.com\/de\/#website","url":"https:\/\/rikliskarto.com\/de\/","name":"Riklis Karto","description":"Ontdek de beste Niche Parfum &amp; Geurkaarsen.","potentialAction":[{"@type":"SearchAction","target":{"@type":"EntryPoint","urlTemplate":"https:\/\/rikliskarto.com\/de\/?s={search_term_string}"},"query-input":{"@type":"PropertyValueSpecification","valueRequired":true,"valueName":"search_term_string"}}],"inLanguage":"de"}]}},"_links":{"self":[{"href":"https:\/\/rikliskarto.com\/de\/wp-json\/wp\/v2\/product\/15515","targetHints":{"allow":["GET"]}}],"collection":[{"href":"https:\/\/rikliskarto.com\/de\/wp-json\/wp\/v2\/product"}],"about":[{"href":"https:\/\/rikliskarto.com\/de\/wp-json\/wp\/v2\/types\/product"}],"replies":[{"embeddable":true,"href":"https:\/\/rikliskarto.com\/de\/wp-json\/wp\/v2\/comments?post=15515"}],"wp:featuredmedia":[{"embeddable":true,"href":"https:\/\/rikliskarto.com\/de\/wp-json\/wp\/v2\/media\/17089"}],"wp:attachment":[{"href":"https:\/\/rikliskarto.com\/de\/wp-json\/wp\/v2\/media?parent=15515"}],"wp:term":[{"taxonomy":"product_brand","embeddable":true,"href":"https:\/\/rikliskarto.com\/de\/wp-json\/wp\/v2\/product_brand?post=15515"},{"taxonomy":"product_cat","embeddable":true,"href":"https:\/\/rikliskarto.com\/de\/wp-json\/wp\/v2\/product_cat?post=15515"},{"taxonomy":"product_tag","embeddable":true,"href":"https:\/\/rikliskarto.com\/de\/wp-json\/wp\/v2\/product_tag?post=15515"}],"curies":[{"name":"wp","href":"https:\/\/api.w.org\/{rel}","templated":true}]}}

<p style="font-weight: 400;">Auf der Suche nach einem luxuriösen Duft, mit dem Sie sich einzigartig fühlen?</p>
<p style="font-weight: 400;">Mancera bietet Parfums mit westlichen und östlichen Aromen an, die ausschließlich aus den hochwertigsten Inhaltsstoffen hergestellt werden. Darüber hinaus wird die schwere Kristallglasflasche vom italienischen Hersteller Luigi Bormioli maßgefertigt, dessen Stil und Kunstwerk bis in die Renaissance zurückreichen. </p>
<p style="font-weight: 400;">Du verdienst es, dich einzigartig und besonders zu fühlen. Deshalb bieten wir luxuriöse Düfte an, die Ihnen helfen, sich von der Masse abzuheben. Mit Mancera fühlen Sie sich immer selbstbewusst und fabelhaft.  </p>
<p style="font-weight: 400;">Kaufen Sie noch heute einen Mancera-Duft auf unserer Website!</p>

<p><span style="font-weight: 400;">Gönnen Sie sich eine neue Ebene der Sinnlichkeit &#8211; ein olfaktorisches Erlebnis, das seinesgleichen sucht. Schwarz, tief und intensiv mit Madagaskar-Vanille als sonnenverwöhntem Kern, ist dieser holzige, blumige Duft göttlich süchtig machend und absolut fesselnd &#8211; Bergamotte und schwarze Johannisbeere ergänzen zarte bulgarische Rose und Veilchen, während scharfe Noten von weißem Pfirsich, verstärkt durch warme Moschus-Untertöne, versprechen, Ihre Sinne zu verzaubern! </span></p>
<p><span style="font-weight: 400;">Jetzt Mancera Black Vanilla bei Riklis Karto shoppen!</span></p>

<!-- This site is optimized with the Yoast SEO plugin v25.9 - https://yoast.com/wordpress/plugins/seo/ -->
<title>Mancera - Schwarze Vanille - Riklis Karto</title>
<meta name="robots" content="index, follow, max-snippet:-1, max-image-preview:large, max-video-preview:-1" />
<link rel="canonical" href="https://rikliskarto.com/de/nischen-parfum/mancera-parfum-de/mancera-schwarze-vanille/" />
<meta property="og:locale" content="de_DE" />
<meta property="og:type" content="article" />
<meta property="og:title" content="Mancera - Schwarze Vanille - Riklis Karto" />
<meta property="og:description" content="Gönnen Sie sich eine neue Ebene der Sinnlichkeit - ein olfaktorisches Erlebnis, das seinesgleichen sucht. Schwarz, tief und intensiv mit Madagaskar-Vanille als sonnenverwöhntem Kern, ist dieser holzige, blumige Duft göttlich süchtig machend und absolut fesselnd - Bergamotte und schwarze Johannisbeere ergänzen zarte bulgarische Rose und Veilchen, während scharfe Noten von weißem Pfirsich, verstärkt durch warme Moschus-Untertöne, versprechen, Ihre Sinne zu verzaubern!  Jetzt Mancera Black Vanilla bei Riklis Karto shoppen!" />
<meta property="og:url" content="https://rikliskarto.com/de/nischen-parfum/mancera-parfum-de/mancera-schwarze-vanille/" />
<meta property="og:site_name" content="Riklis Karto" />
<meta property="article:modified_time" content="2025-06-12T09:50:07+00:00" />
<meta property="og:image" content="https://rikliskarto.com/wp-content/uploads/2024/11/Mancera-black-vanilla-120.png" />
	<meta property="og:image:width" content="1000" />
	<meta property="og:image:height" content="1000" />
	<meta property="og:image:type" content="image/webp" />
<meta name="twitter:card" content="summary_large_image" />
<meta name="twitter:label1" content="Geschätzte Lesezeit" />
	<meta name="twitter:data1" content="1 Minute" />
<script type="application/ld+json" class="yoast-schema-graph">{"@context":"https://schema.org","@graph":[{"@type":"WebPage","@id":"https://rikliskarto.com/de/nischen-parfum/mancera-parfum-de/mancera-schwarze-vanille/","url":"https://rikliskarto.com/de/nischen-parfum/mancera-parfum-de/mancera-schwarze-vanille/","name":"Mancera - Schwarze Vanille - Riklis Karto","isPartOf":{"@id":"https://rikliskarto.com/de/#website"},"primaryImageOfPage":{"@id":"https://rikliskarto.com/de/nischen-parfum/mancera-parfum-de/mancera-schwarze-vanille/#primaryimage"},"image":{"@id":"https://rikliskarto.com/de/nischen-parfum/mancera-parfum-de/mancera-schwarze-vanille/#primaryimage"},"thumbnailUrl":"https://rikliskarto.com/wp-content/uploads/2024/11/Mancera-black-vanilla-120.png","datePublished":"2022-09-28T18:55:10+00:00","dateModified":"2025-06-12T09:50:07+00:00","breadcrumb":{"@id":"https://rikliskarto.com/de/nischen-parfum/mancera-parfum-de/mancera-schwarze-vanille/#breadcrumb"},"inLanguage":"de","potentialAction":[{"@type":"ReadAction","target":["https://rikliskarto.com/de/nischen-parfum/mancera-parfum-de/mancera-schwarze-vanille/"]}]},{"@type":"ImageObject","inLanguage":"de","@id":"https://rikliskarto.com/de/nischen-parfum/mancera-parfum-de/mancera-schwarze-vanille/#primaryimage","url":"https://rikliskarto.com/wp-content/uploads/2024/11/Mancera-black-vanilla-120.png","contentUrl":"https://rikliskarto.com/wp-content/uploads/2024/11/Mancera-black-vanilla-120.png","width":1000,"height":1000},{"@type":"BreadcrumbList","@id":"https://rikliskarto.com/de/nischen-parfum/mancera-parfum-de/mancera-schwarze-vanille/#breadcrumb","itemListElement":[{"@type":"ListItem","position":1,"name":"Home","item":"https://rikliskarto.com/de/heim/"},{"@type":"ListItem","position":2,"name":"Privé: Laden","item":"https://rikliskarto.com/de/shop/"},{"@type":"ListItem","position":3,"name":"Mancera &#8211; Schwarze Vanille"}]},{"@type":"WebSite","@id":"https://rikliskarto.com/de/#website","url":"https://rikliskarto.com/de/","name":"Riklis Karto","description":"Ontdek de beste Niche Parfum &amp; Geurkaarsen.","potentialAction":[{"@type":"SearchAction","target":{"@type":"EntryPoint","urlTemplate":"https://rikliskarto.com/de/?s={search_term_string}"},"query-input":{"@type":"PropertyValueSpecification","valueRequired":true,"valueName":"search_term_string"}}],"inLanguage":"de"}]}</script>
<!-- / Yoast SEO plugin. -->

Gönnen Sie sich eine neue Ebene der Sinnlichkeit - ein olfaktorisches Erlebnis, das seinesgleichen sucht. Schwarz, tief und intensiv mit Madagaskar-Vanille als sonnenverwöhntem Kern, ist dieser holzige, blumige Duft göttlich süchtig machend und absolut fesselnd - Bergamotte und schwarze Johannisbeere ergänzen zarte bulgarische Rose und Veilchen, während scharfe Noten von weißem Pfirsich, verstärkt durch warme Moschus-Untertöne, versprechen, Ihre Sinne zu verzaubern!  Jetzt Mancera Black Vanilla bei Riklis Karto shoppen!

Privé: Laden
